{"id":3971,"date":"2026-04-30T17:20:01","date_gmt":"2026-04-30T17:20:01","guid":{"rendered":"https:\/\/lenguas.unicen.edu.ar\/?page_id=3971"},"modified":"2026-05-12T10:15:22","modified_gmt":"2026-05-12T10:15:22","slug":"examen-unicence","status":"publish","type":"page","link":"https:\/\/lenguas.unicen.edu.ar\/?page_id=3971","title":{"rendered":"Examen UNICENCE"},"content":{"rendered":"\t\t<div data-elementor-type=\"wp-page\" data-elementor-id=\"3971\" class=\"elementor elementor-3971\">\n\t\t\t\t\t\t<section class=\"elementor-section elementor-top-section elementor-element elementor-element-dca7b4b elementor-section-boxed elementor-section-height-default elementor-section-height-default\" data-id=\"dca7b4b\" data-element_type=\"section\">\n\t\t\t\t\t\t<div class=\"elementor-container elementor-column-gap-default\">\n\t\t\t\t\t<div class=\"elementor-column elementor-col-100 elementor-top-column elementor-element elementor-element-b2706ed\" data-id=\"b2706ed\" data-element_type=\"column\">\n\t\t\t<div class=\"elementor-widget-wrap elementor-element-populated\">\n\t\t\t\t\t\t<div class=\"elementor-element elementor-element-2db8116 elementor-widget elementor-widget-text-editor\" data-id=\"2db8116\" data-element_type=\"widget\" data-widget_type=\"text-editor.default\">\n\t\t\t\t<div class=\"elementor-widget-container\">\n\t\t\t\t\t\t\t<p><span style=\"font-weight: 400;\">El <strong>examen UNICENCE<\/strong> se crea en el marco del proyecto <em>\u201cIniciativa de apoyo al desarrollo de estrategias virtuales para la internacionalizaci\u00f3n integral\u201d<\/em> del Programa de Internacionalizaci\u00f3n de la Educaci\u00f3n Superior y Cooperaci\u00f3n Internacional (PIESCI) impulsado por la SPU del Ministerio de Educaci\u00f3n. Fue aprobado el 25 de abril de 2024 por Resoluci\u00f3n 9096 de la Junta Ejecutiva de la Universidad Nacional del Centro.\u00a0<\/span><\/p><p><span style=\"font-weight: 400;\">El prop\u00f3sito de este examen es facilitar la inserci\u00f3n y el aprendizaje\u00a0 de estudiantes extranjeros y extranjeras cuya lengua materna no es el espa\u00f1ol, en las\u00a0 asignaturas o seminarios que vienen a cursar a la UNICEN. Es as\u00ed que estos estudiantes que ingresan a la instituci\u00f3n con el fin de formarse deben acreditar un nivel de lengua intermedio equivalente al nivel B1 + del Marco com\u00fan Europeo de Referencia para las Lenguas que les permita comprender e interactuar oralmente, leer y escribir textos acad\u00e9micos de extensi\u00f3n y dificultad media. De esta manera, rendir el examen UNICENCE es un requisito obligatorio para todo estudiante extranjero no\u00a0 hispanohablante que pretenda ingresar a la UNICEN con fines formativos en las distintas\u00a0 carreras de grado y pregrado que ofrecen nuestras unidades acad\u00e9micas.\u00a0\u00a0<\/span><\/p><p><span style=\"font-weight: 400;\">Se trata de un examen de dominio, es decir que eval\u00faa la capacidad ling\u00fc\u00edstica actual del\u00a0 estudiante para leer, escribir y hablar en contextos de la vida real universitaria. Lo que se busca probar con las consignas es que los estudiantes no hispanohablantes puedan desempe\u00f1arse en las distintas situaciones que le exija el mundo acad\u00e9mico.\u00a0<\/span><\/p><p><span style=\"font-weight: 400;\">Una caracter\u00edstica particular de UNICENCE es que se orienta a las pr\u00e1cticas discursivas\u00a0 propias del entorno universitario. Es as\u00ed que se proponen lecturas y\/o se solicitan tareas de escritura e interacci\u00f3n vinculadas a esta esfera.\u00a0<\/span><\/p><p><span style=\"font-weight: 400;\">As\u00ed, una vez que los estudiantes extranjeros no hispanohablantes se inscriben en cualquiera de las carreras de grado y pregrado a trav\u00e9s de la Secretar\u00eda de Relaciones Institucionales se les pregunta si cuentan con la certificaci\u00f3n internacional oficial requerida. De no ser as\u00ed, se activa un test de nivel para diagnosticar y conocer su nivel de proficiencia en la lengua que ser\u00e1 un insumo para saber si el estudiante est\u00e1 en condiciones de rendir el examen UNICENCE o si deber\u00e1 asistir a los cursos regulares de espa\u00f1ol para extranjeros dictados en el Departamento de Lenguas de la UNICEN hasta lograr el nivel de lengua\u00a0 necesario para rendir dicho examen.\u00a0<\/span><\/p><p><span style=\"font-weight: 400;\">En el caso de las instancias de movilidad o las carreras de posgrado, la mencionada resoluci\u00f3n establece que cada unidad acad\u00e9mica decidir\u00e1 sobre la exigencia\/obligatoriedad de tomar clases de espa\u00f1ol para los estudiantes no hispanohablantes que realicen una movilidad y una carrera de posgrado en su dependencia.<\/span><\/p>\t\t\t\t\t\t<\/div>\n\t\t\t\t<\/div>\n\t\t\t\t\t<\/div>\n\t\t<\/div>\n\t\t\t\t\t<\/div>\n\t\t<\/section>\n\t\t\t\t<\/div>\n\t\t","protected":false},"excerpt":{"rendered":"<p>El examen UNICENCE se crea en el marco del proyecto \u201cIniciativa de apoyo al desarrollo de estrategias virtuales para la internacionalizaci\u00f3n integral\u201d del Programa de Internacionalizaci\u00f3n de la Educaci\u00f3n Superior y Cooperaci\u00f3n Internacional (PIESCI) impulsado por la SPU del Ministerio de Educaci\u00f3n. Fue aprobado el 25 de abril de 2024 por Resoluci\u00f3n 9096 de la Junta Ejecutiva de la Universidad [&hellip;]<\/p>\n","protected":false},"author":1,"featured_media":0,"parent":0,"menu_order":0,"comment_status":"closed","ping_status":"closed","template":"","meta":{"footnotes":""},"class_list":["post-3971","page","type-page","status-publish","hentry"],"_links":{"self":[{"href":"https:\/\/lenguas.unicen.edu.ar\/index.php?rest_route=\/wp\/v2\/pages\/3971","targetHints":{"allow":["GET"]}}],"collection":[{"href":"https:\/\/lenguas.unicen.edu.ar\/index.php?rest_route=\/wp\/v2\/pages"}],"about":[{"href":"https:\/\/lenguas.unicen.edu.ar\/index.php?rest_route=\/wp\/v2\/types\/page"}],"author":[{"embeddable":true,"href":"https:\/\/lenguas.unicen.edu.ar\/index.php?rest_route=\/wp\/v2\/users\/1"}],"replies":[{"embeddable":true,"href":"https:\/\/lenguas.unicen.edu.ar\/index.php?rest_route=%2Fwp%2Fv2%2Fcomments&post=3971"}],"version-history":[{"count":6,"href":"https:\/\/lenguas.unicen.edu.ar\/index.php?rest_route=\/wp\/v2\/pages\/3971\/revisions"}],"predecessor-version":[{"id":3984,"href":"https:\/\/lenguas.unicen.edu.ar\/index.php?rest_route=\/wp\/v2\/pages\/3971\/revisions\/3984"}],"wp:attachment":[{"href":"https:\/\/lenguas.unicen.edu.ar\/index.php?rest_route=%2Fwp%2Fv2%2Fmedia&parent=3971"}],"curies":[{"name":"wp","href":"https:\/\/api.w.org\/{rel}","templated":true}]}}