{"id":125,"date":"2020-11-14T12:38:18","date_gmt":"2020-11-14T12:38:18","guid":{"rendered":"https:\/\/lenguas.nuevo.unicen.edu.ar\/?page_id=125"},"modified":"2021-12-20T12:52:02","modified_gmt":"2021-12-20T12:52:02","slug":"examen-celu","status":"publish","type":"page","link":"https:\/\/lenguas.unicen.edu.ar\/?page_id=125","title":{"rendered":"Examen CELU"},"content":{"rendered":"\t\t<div data-elementor-type=\"wp-page\" data-elementor-id=\"125\" class=\"elementor elementor-125\">\n\t\t\t\t\t\t<section class=\"elementor-section elementor-top-section elementor-element elementor-element-1a6acc5a elementor-section-boxed elementor-section-height-default elementor-section-height-default\" data-id=\"1a6acc5a\" data-element_type=\"section\">\n\t\t\t\t\t\t<div class=\"elementor-container elementor-column-gap-default\">\n\t\t\t\t\t<div class=\"elementor-column elementor-col-100 elementor-top-column elementor-element elementor-element-30973b7f\" data-id=\"30973b7f\" data-element_type=\"column\">\n\t\t\t<div class=\"elementor-widget-wrap elementor-element-populated\">\n\t\t\t\t\t\t<div class=\"elementor-element elementor-element-1d4115ef elementor-widget elementor-widget-text-editor\" data-id=\"1d4115ef\" data-element_type=\"widget\" data-widget_type=\"text-editor.default\">\n\t\t\t\t<div class=\"elementor-widget-container\">\n\t\t\t\t\t\t\t<p>Desde 2008 el Departamento de Lenguas de la UNICEN es sede del examen internacional CELU (Certificado de Espa\u00f1ol Lengua y Uso) reconocido y avalado por el Ministerio de Cultura y Educaci\u00f3n de la Naci\u00f3n y el Ministerio de Relaciones Exteriores y Culto de la Rep\u00fablica Argentina.<\/p><p>El examen internacional CELU es un certificado de dominio del espa\u00f1ol como lengua extranjera que pueden obtener todos los extranjeros cuya primera lengua no sea el espa\u00f1ol y que quieran validar su capacidad de usar este idioma como lengua segunda para \u00e1mbitos de trabajo y de estudio.<\/p><p>Adem\u00e1s, nuestro Departamento de Lenguas es miembro del Consorcio Interuniversitario para la Ense\u00f1anza, Evaluaci\u00f3n y Certificaci\u00f3n del Espa\u00f1ol como Lengua Segunda o Extranjera (ELSE) &#8211; recientemente incorporado al Consejo Interuniversitario Nacional (CIN)-, el cual re\u00fane en la actualidad a m\u00e1s de dos tercios de las universidades argentinas y cuya misi\u00f3n es la de contribuir a una pol\u00edtica ling\u00fc\u00edstica y educativa regional que promueva la valoraci\u00f3n de la diversidad y reconozca la importancia de los c\u00f3digos interculturales.<\/p><p>Para mayor informaci\u00f3n sobre el examen, consultar la p\u00e1gina web:<a href=\"http:\/\/www.celu.edu.ar\/\"> www.celu.edu.ar<\/a><\/p>\t\t\t\t\t\t<\/div>\n\t\t\t\t<\/div>\n\t\t\t\t\t<\/div>\n\t\t<\/div>\n\t\t\t\t\t<\/div>\n\t\t<\/section>\n\t\t\t\t<\/div>\n\t\t","protected":false},"excerpt":{"rendered":"<p>Desde 2008 el Departamento de Lenguas de la UNICEN es sede del examen internacional CELU (Certificado de Espa\u00f1ol Lengua y Uso) reconocido y avalado por el Ministerio de Cultura y Educaci\u00f3n de la Naci\u00f3n y el Ministerio de Relaciones Exteriores y Culto de la Rep\u00fablica Argentina. El examen internacional CELU es un certificado de dominio del espa\u00f1ol como lengua extranjera [&hellip;]<\/p>\n","protected":false},"author":1,"featured_media":0,"parent":0,"menu_order":0,"comment_status":"closed","ping_status":"closed","template":"","meta":{"footnotes":""},"class_list":["post-125","page","type-page","status-publish","hentry"],"_links":{"self":[{"href":"https:\/\/lenguas.unicen.edu.ar\/index.php?rest_route=\/wp\/v2\/pages\/125","targetHints":{"allow":["GET"]}}],"collection":[{"href":"https:\/\/lenguas.unicen.edu.ar\/index.php?rest_route=\/wp\/v2\/pages"}],"about":[{"href":"https:\/\/lenguas.unicen.edu.ar\/index.php?rest_route=\/wp\/v2\/types\/page"}],"author":[{"embeddable":true,"href":"https:\/\/lenguas.unicen.edu.ar\/index.php?rest_route=\/wp\/v2\/users\/1"}],"replies":[{"embeddable":true,"href":"https:\/\/lenguas.unicen.edu.ar\/index.php?rest_route=%2Fwp%2Fv2%2Fcomments&post=125"}],"version-history":[{"count":6,"href":"https:\/\/lenguas.unicen.edu.ar\/index.php?rest_route=\/wp\/v2\/pages\/125\/revisions"}],"predecessor-version":[{"id":1040,"href":"https:\/\/lenguas.unicen.edu.ar\/index.php?rest_route=\/wp\/v2\/pages\/125\/revisions\/1040"}],"wp:attachment":[{"href":"https:\/\/lenguas.unicen.edu.ar\/index.php?rest_route=%2Fwp%2Fv2%2Fmedia&parent=125"}],"curies":[{"name":"wp","href":"https:\/\/api.w.org\/{rel}","templated":true}]}}